st common divisor of 516 and 14960732?
172
Calculate the greatest common factor of 628409 and 3599.
59
Calculate the highest common divisor of 49512438 and 13986.
1998
Calculate the greatest common factor of 428 and 460435231.
107
Calculate the greatest common factor of 3261876 and 8244.
2748
What is the greatest common factor of 7311 and 45184417?
2437
What is the greatest common divisor of 114251674 and 19?
19
What is the greatest common factor of 4740 and 8197830?
2370
Calculate the highest common factor of 30007295 and 12535.
115
Calculate the highest common divisor of 5230072 and 434.
62
Calculate the greatest common factor of 240 and 146188800.
240
Calculate the greatest common factor of 7 and 682983.
7
What is the highest common factor of 40 and 9788336?
8
What is the highest common factor of 2713 and 163067578?
2713
What is the highest common divisor of 561470 and 14?
14
What is the greatest common factor of 13694 and 41335339?
6847
What is the greatest common factor of 7987 and 1023314?
163
What is the greatest common factor of 5124 and 1061949?
1281
Calculate the greatest common factor of 2475 and 1642465.
55
Calculate the greatest common divisor of 21736 and 2486341.
143
What is the greatest common factor of 85264127 and 26?
13
What is the highest common factor of 2586 and 33213291?
1293
What is the greatest common factor of 296891 and 14673?
73
What is the greatest common divisor of 5860 and 441530?
10
What is the greatest common factor of 26530 and 722330?
70
Calculate the highest common factor of 16681 and 112394195.
2383
Calculate the greatest common divisor of 133600 and 16672.
32
What is the greatest common divisor of 7 and 2740969?
7
Calculate the greatest common divisor of 30235605 and 65.
5
Calculate the highest common factor of 122 and 69848355.
61
Calculate the highest common divisor of 1300 and 197535.
65
What is the highest common factor of 30495 and 305235?
285
Calculate the highest common factor of 36722 and 8960.
14
Calculate the highest common factor of 5292 and 409374.
378
Calculate the highest common factor of 31060 and 57370.
10
What is the greatest common divisor of 62198121 and 1581?
1581
What is the highest common divisor of 194494 and 2542?
62
What is the highest common factor of 18148463 and 111?
37
What is the highest common divisor of 3720480 and 158390?
3370
What is the greatest common divisor of 6120 and 62577?
153
Calculate the greatest common factor of 1795 and 9624790.
1795
What is the highest common divisor of 443582 and 24158?
514
What is the highest common divisor of 179261669 and 3046?
1523
Calculate the highest common divisor of 1618615 and 335.
5
What is the greatest common divisor of 1086246 and 11914?
518
What is the greatest common factor of 970 and 15978810?
970
What is the highest common divisor of 201 and 25419599?
67
Calculate the highest common divisor of 5004784 and 16.
16
Calculate the greatest common divisor of 5995150 and 50.
50
Calculate the greatest common factor of 183396725 and 75.
25
What is the highest common divisor of 104736 and 132011?
1091
What is the highest common factor of 27086 and 1166566?
934
Calculate the highest common divisor of 38 and 63065142.
38
What is the greatest common factor of 10484 and 711792833?
2621
What is the greatest common factor of 931 and 18362309?
49
Calculate the highest common factor of 6526 and 648570.
26
What is the highest common divisor of 7313 and 68701?
103
Calculate the greatest common factor of 140 and 8238080.
20
Calculate the highest common divisor of 245 and 100015125.
245
Calculate the highest common factor of 76428348 and 1812.
1812
What is the greatest common divisor of 6407 and 548618?
149
What is the highest common factor of 11 and 30835266?
11
What is the highest common factor of 411 and 330097116?
411
What is the highest common factor of 159430 and 332770?
1070
What is the greatest common factor of 53 and 30287963?
53
What is the highest common factor of 32018368 and 384?
64
Calculate the greatest common factor of 56586750 and 66.
66
Calculate the greatest common divisor of 9 and 2819337.
3
Calculate the highest common factor of 15 and 2474164650.
15
Calculate the highest common divisor of 98644 and 6739499.
3523
What is the greatest common divisor of 110 and 14589674?
22
Calculate the highest common divisor of 3204 and 8554716.
36
What is the greatest common divisor of 9619133 and 5945?
41
Calculate the highest common divisor of 235252 and 20188.
412
What is the highest common factor of 21533748 and 42?
6
What is the greatest common factor of 84 and 6119764?
28
What is the highest common factor of 13857397 and 3553?
17
What is the highest common divisor of 3654 and 2723854?
406
What is the highest common divisor of 10890315 and 54?
27
What is the greatest common divisor of 76276119 and 2001?
2001
Calculate the greatest common factor of 6108120 and 8360.
760
Calculate the greatest common divisor of 25402516 and 496.
124
What is the highest common factor of 6969560 and 6186?
2062
What is the highest common factor of 54 and 1157902?
2
What is the highest common factor of 96 and 5578208?
32
What is the greatest common factor of 51296250 and 26?
2
Calculate the greatest common factor of 1169153 and 23999.
103
Calculate the greatest common divisor of 123313 and 66887.
317
Calculate the greatest common divisor of 17424 and 4177296.
144
What is the highest common factor of 14580 and 796797?
729
Calculate the greatest common factor of 47314 and 2050.
82
Calculate the highest common divisor of 27166 and 25055144.
578
What is the greatest common factor of 379 and 2155816809?
379
Calculate the greatest common divisor of 4398 and 730184547.
2199
Calculate the greatest common divisor of 2781 and 19951821.
927
Calculate the greatest common divisor of 73129383 and 2558.
1279
Calculate the highest common divisor of 112298744 and 16.
8
What is the greatest common factor of 1984 and 161603?
31
Calculate the greatest common factor of 132 and 1141836.
12
What is the highest common divisor of 164 and 4340547?
41
What is the greatest common factor of 240 and 403476?
12
What is the highest common factor of 24722 and 276413?
263
What is the greatest common divisor of 60 and 8624960?
20
What is the highest common factor of 1916448350 and 25?
25
Calculate the highest common factor of 4716 and 406920.
12
Calculate the highest common factor of 2088 and 597690.
522
Calculate the highest common divisor of 28391979 and 42.
21
Calculate the highest common divisor of 176872690 and 30.
10
Calculate the greatest common divisor of 111 and 503892973.
37
What is the greatest common divisor of 1501 and 51706448?
1501
Calculate the highest common factor of 1756 and 16406747.
439
Calculate the highest common factor of 1885 and 9197495.
145
Calculate the highest common divisor of 3703076 and 128089.
767
What is the greatest common divisor of 282086250 and 30?
30
What is the greatest common factor of 742 and 25280364?
106
Calculate the greatest common factor of 2754690 and 1060.
10
What is the greatest common factor of 4354 and 160429661?
2177
Calculate the highest common divisor of 330 and 1262.
2
Calculate the highest common divisor of 6384870 and 26230.
610
Calculate the greatest common factor of 154 and 5632264.
22
What is the highest common factor of 1057152 and 71296?
128
What is the highest common factor of 3 and 135773?
1
Calculate the greatest common factor of 2221573 and 12114.
673
What is the greatest common factor of 3297270 and 27510?
3930
What is the greatest common divisor of 3608 and 673712?
328
What is the highest common divisor of 6707 and 1534491?
353
What is the highest common divisor of 224 and 26132848?
112
Calculate the greatest common factor of 12022758 and 11931.
123
Calculate the greatest common divisor of 10614 and 1314489.
183
Calculate the greatest common divisor of 376893 and 30973.
47
Calculate the greatest common divisor of 470507 and 57248.
1789
What is the greatest common divisor of 26367 and 141329?
47
Calculate the greatest common divisor of 1423 and 182144.
1423
What is the greatest common divisor of 80494503 and 58374?
3243
What is the highest common divisor of 885183504 and 48?
48
What is the highest common factor of 16816 an